{"id":132487,"date":"2022-08-22T14:29:25","date_gmt":"2022-08-22T17:29:25","guid":{"rendered":"https:\/\/www.estadisticaciudad.gob.ar\/eyc\/?p=132487"},"modified":"2025-09-10T14:17:06","modified_gmt":"2025-09-10T17:17:06","slug":"encuesta-demografica-retrospectiva-2019-metodologia-de-calculo-del-indice-de-origen-social-ciudad-de-buenos-aires","status":"publish","type":"publicacion","link":"https:\/\/www.estadisticaciudad.gob.ar\/eyc\/publicaciones\/encuesta-demografica-retrospectiva-2019-metodologia-de-calculo-del-indice-de-origen-social-ciudad-de-buenos-aires\/","title":{"rendered":"Encuesta Demogr\u00e1fica Retrospectiva 2019: metodolog\u00eda de c\u00e1lculo del \u00cdndice de Origen Social. Ciudad de Buenos Aires"},"content":{"rendered":"<p>eder<\/p>\n","protected":false},"author":22,"featured_media":132488,"template":"","meta":{"_acf_changed":false,"inline_featured_image":false,"ep_exclude_from_search":false},"tags":[],"categoria_publicacion":[11410,26],"class_list":["post-132487","publicacion","type-publicacion","status-publish","has-post-thumbnail","hentry","categoria_publicacion-metodologias","categoria_publicacion-dgeyc"],"acf":[],"_links":{"self":[{"href":"https:\/\/www.estadisticaciudad.gob.ar\/eyc\/wp-json\/wp\/v2\/publicacion\/132487","targetHints":{"allow":["GET"]}}],"collection":[{"href":"https:\/\/www.estadisticaciudad.gob.ar\/eyc\/wp-json\/wp\/v2\/publicacion"}],"about":[{"href":"https:\/\/www.estadisticaciudad.gob.ar\/eyc\/wp-json\/wp\/v2\/types\/publicacion"}],"author":[{"embeddable":true,"href":"https:\/\/www.estadisticaciudad.gob.ar\/eyc\/wp-json\/wp\/v2\/users\/22"}],"wp:featuredmedia":[{"embeddable":true,"href":"https:\/\/www.estadisticaciudad.gob.ar\/eyc\/wp-json\/wp\/v2\/media\/132488"}],"wp:attachment":[{"href":"https:\/\/www.estadisticaciudad.gob.ar\/eyc\/wp-json\/wp\/v2\/media?parent=132487"}],"wp:term":[{"taxonomy":"post_tag","embeddable":true,"href":"https:\/\/www.estadisticaciudad.gob.ar\/eyc\/wp-json\/wp\/v2\/tags?post=132487"},{"taxonomy":"categoria_publicacion","embeddable":true,"href":"https:\/\/www.estadisticaciudad.gob.ar\/eyc\/wp-json\/wp\/v2\/categoria_publicacion?post=132487"}],"curies":[{"name":"wp","href":"https:\/\/api.w.org\/{rel}","templated":true}]}}

Encuesta Demográfica Retrospectiva 2019: metodología de cálculo del Índice de Origen Social. Ciudad de Buenos Aires
