{"id":102448,"date":"2019-08-21T14:34:14","date_gmt":"2019-08-21T17:34:14","guid":{"rendered":"https:\/\/www.estadisticaciudad.gob.ar\/eyc\/?page_id=102448"},"modified":"2025-09-01T13:10:24","modified_gmt":"2025-09-01T16:10:24","slug":"sistema-de-indicadores-dnna","status":"publish","type":"page","link":"https:\/\/www.estadisticaciudad.gob.ar\/eyc\/sistema-de-indicadores-dnna\/","title":{"rendered":"Sistema de Indicadores de Derechos de Ni\u00f1as, Ni\u00f1os y Adolescentes"},"content":{"rendered":"\t\t<div data-elementor-type=\"wp-post\" data-elementor-id=\"102448\" class=\"elementor elementor-102448\" data-elementor-post-type=\"page\">\n\t\t\t\t\t\t<section class=\"elementor-section elementor-top-section elementor-element elementor-element-4e27d1c elementor-section-boxed elementor-section-height-default elementor-section-height-default\" data-id=\"4e27d1c\" data-element_type=\"section\" data-e-type=\"section\" data-settings=\"{&quot;background_background&quot;:&quot;classic&quot;}\">\n\t\t\t\t\t\t<div class=\"elementor-container elementor-column-gap-default\">\n\t\t\t\t\t<div class=\"elementor-column elementor-col-100 elementor-top-column elementor-element elementor-element-420f08d portales-container\" data-id=\"420f08d\" data-element_type=\"column\" data-e-type=\"column\">\n\t\t\t<div class=\"elementor-widget-wrap elementor-element-populated\">\n\t\t\t\t\t\t<div class=\"elementor-element elementor-element-c58e183 elementor-position-inline-start elementor-mobile-position-inline-start breadcrumbs elementor-view-default elementor-widget elementor-widget-icon-box\" data-id=\"c58e183\" data-element_type=\"widget\" data-e-type=\"widget\" data-widget_type=\"icon-box.default\">\n\t\t\t\t<div class=\"elementor-widget-container\">\n\t\t\t\t\t\t\t<div class=\"elementor-icon-box-wrapper\">\n\n\t\t\t\t\t\t<div class=\"elementor-icon-box-icon\">\n\t\t\t\t<a href=\"https:\/\/www.estadisticaciudad.gob.ar\/eyc\/portales\/\" class=\"elementor-icon\" tabindex=\"-1\" aria-label=\"PORTALES\">\n\t\t\t\t<svg xmlns=\"http:\/\/www.w3.org\/2000\/svg\" width=\"20\" height=\"20\" viewBox=\"0 0 20 20\" fill=\"none\"><path d=\"M18 9.99984C18 7.7897 17.1571 5.67008 15.6569 4.10728C14.1566 2.54448 12.1217 1.6665 10 1.6665C7.87827 1.6665 5.84344 2.54448 4.34315 4.10728C2.84285 5.67008 2 7.7897 2 9.99984C2 12.21 2.84285 14.3296 4.34315 15.8924C5.84344 17.4552 7.87827 18.3332 10 18.3332C12.1217 18.3332 14.1566 17.4552 15.6569 15.8924C17.1571 14.3296 18 12.21 18 9.99984ZM10.4688 6.06104C10.7625 5.75505 11.2375 5.75505 11.5281 6.06104C11.8187 6.36702 11.8219 6.86182 11.5281 7.16455L8.80937 9.99658L11.5281 12.8286C11.8219 13.1346 11.8219 13.6294 11.5281 13.9321C11.2344 14.2349 10.7594 14.2381 10.4688 13.9321L7.21875 10.5532C6.925 10.2472 6.925 9.75244 7.21875 9.44971L10.4688 6.06104Z\" fill=\"#4F5255\"><\/path><\/svg>\t\t\t\t<\/a>\n\t\t\t<\/div>\n\t\t\t\n\t\t\t\t\t\t<div class=\"elementor-icon-box-content\">\n\n\t\t\t\t\t\t\t\t\t<h6 class=\"elementor-icon-box-title\">\n\t\t\t\t\t\t<a href=\"https:\/\/www.estadisticaciudad.gob.ar\/eyc\/portales\/\" >\n\t\t\t\t\t\t\tPORTALES\t\t\t\t\t\t<\/a>\n\t\t\t\t\t<\/h6>\n\t\t\t\t\n\t\t\t\t\n\t\t\t<\/div>\n\t\t\t\n\t\t<\/div>\n\t\t\t\t\t\t<\/div>\n\t\t\t\t<\/div>\n\t\t\t\t<section class=\"elementor-section elementor-inner-section elementor-element elementor-element-e6245c5 elementor-section-content-middle elementor-section-boxed elementor-section-height-default elementor-section-height-default\" data-id=\"e6245c5\" data-element_type=\"section\" data-e-type=\"section\">\n\t\t\t\t\t\t<div class=\"elementor-container elementor-column-gap-default\">\n\t\t\t\t\t<div class=\"elementor-column elementor-col-50 elementor-inner-column elementor-element elementor-element-569b23c\" data-id=\"569b23c\" data-element_type=\"column\" data-e-type=\"column\">\n\t\t\t<div class=\"elementor-widget-wrap elementor-element-populated\">\n\t\t\t\t\t\t<div class=\"elementor-element elementor-element-e6c0077 elementor-widget__width-auto elementor-position-top elementor-widget elementor-widget-image-box\" data-id=\"e6c0077\" data-element_type=\"widget\" data-e-type=\"widget\" data-widget_type=\"image-box.default\">\n\t\t\t\t<div class=\"elementor-widget-container\">\n\t\t\t\t\t<div class=\"elementor-image-box-wrapper\"><figure class=\"elementor-image-box-img\"><img decoding=\"async\" width=\"107\" height=\"107\" src=\"https:\/\/www.estadisticaciudad.gob.ar\/eyc\/wp-content\/uploads\/2025\/05\/Capa_2-2-1.png\" class=\"attachment-full size-full wp-image-170162\" alt=\"\" \/><\/figure><\/div>\t\t\t\t<\/div>\n\t\t\t\t<\/div>\n\t\t\t\t\t<\/div>\n\t\t<\/div>\n\t\t\t\t<div class=\"elementor-column elementor-col-50 elementor-inner-column elementor-element elementor-element-c1d99cb\" data-id=\"c1d99cb\" data-element_type=\"column\" data-e-type=\"column\">\n\t\t\t<div class=\"elementor-widget-wrap elementor-element-populated\">\n\t\t\t\t\t\t<div class=\"elementor-element elementor-element-7a6f0ce elementor-widget__width-initial elementor-widget elementor-widget-heading\" data-id=\"7a6f0ce\" data-element_type=\"widget\" data-e-type=\"widget\" data-widget_type=\"heading.default\">\n\t\t\t\t<div class=\"elementor-widget-container\">\n\t\t\t\t\t<h1 class=\"elementor-heading-title elementor-size-default\">Sistema de Indicadores de Derechos de Ni\u00f1as, Ni\u00f1os y Adolescentes<\/h1>\t\t\t\t<\/div>\n\t\t\t\t<\/div>\n\t\t\t\t\t<\/div>\n\t\t<\/div>\n\t\t\t\t\t<\/div>\n\t\t<\/section>\n\t\t\t\t<div class=\"elementor-element elementor-element-85b1121 elementor-widget elementor-widget-text-editor\" data-id=\"85b1121\" data-element_type=\"widget\" data-e-type=\"widget\" data-widget_type=\"text-editor.default\">\n\t\t\t\t<div class=\"elementor-widget-container\">\n\t\t\t\t\t\t\t\t\t<p>El Gobierno de la Ciudad de Buenos aires pone a disposici\u00f3n un conjunto de indicadores de derechos de ni\u00f1as, ni\u00f1os y adolescentes en correspondencia con los derechos consagrados por la Convenci\u00f3n Internacional sobre los Derechos del Ni\u00f1o. Los indicadores se presentan para el total de la Ciudad y las divisiones pol\u00edtico-administrativas que la componen, las comunas.<\/p><p>Creado por Ley N\u00ba 5.463 en 2015, el Sistema tiene por finalidad la de proveer informaci\u00f3n integral, relevante, mensurable, confiable y oportuna sobre la situaci\u00f3n de la ni\u00f1ez y adolescencia, con indicadores adecuados y desagregados, acorde con los est\u00e1ndares definidos en la Convenci\u00f3n sobre los Derechos del Ni\u00f1o (CDN) y otros tratados de derechos humanos, la Ley Nacional N\u00ba 26.061 y la Ley CABA N\u00ba 114. En tal sentido, busca contribuir a visibilizar e individualizar las pol\u00edticas de infancia y adolescencia, dentro del conjunto de pol\u00edticas p\u00fablicas, posibilitando la comparaci\u00f3n de datos y resultados.<\/p><p>Asimismo, incorpora la perspectiva de g\u00e9nero y los principios de articulaci\u00f3n intersectorial, transversalidad, integralidad, accesibilidad, transparencia y objetividad de la informaci\u00f3n.<\/p>\t\t\t\t\t\t\t\t<\/div>\n\t\t\t\t<\/div>\n\t\t\t\t<section class=\"elementor-section elementor-inner-section elementor-element elementor-element-89a7ab6 elementor-section-full_width btn-portales elementor-section-height-default elementor-section-height-default\" data-id=\"89a7ab6\" data-element_type=\"section\" data-e-type=\"section\">\n\t\t\t\t\t\t<div class=\"elementor-container elementor-column-gap-default\">\n\t\t\t\t\t<div class=\"elementor-column elementor-col-100 elementor-inner-column elementor-element elementor-element-09d1449\" data-id=\"09d1449\" data-element_type=\"column\" data-e-type=\"column\">\n\t\t\t<div class=\"elementor-widget-wrap elementor-element-populated\">\n\t\t\t\t\t\t<div class=\"elementor-element elementor-element-b51c046 elementor-align-justify elementor-widget__width-initial elementor-widget-mobile__width-inherit elementor-widget elementor-widget-button\" data-id=\"b51c046\" data-element_type=\"widget\" data-e-type=\"widget\" data-widget_type=\"button.default\">\n\t\t\t\t<div class=\"elementor-widget-container\">\n\t\t\t\t\t\t\t\t\t<div class=\"elementor-button-wrapper\">\n\t\t\t\t\t<a class=\"elementor-button elementor-button-link elementor-size-sm\" href=\"https:\/\/www.estadisticaciudad.gob.ar\/eyc\/?page_id=102612\">\n\t\t\t\t\t\t<span class=\"elementor-button-content-wrapper\">\n\t\t\t\t\t\t\t\t\t<span class=\"elementor-button-text\">Acerca del sistema<\/span>\n\t\t\t\t\t<\/span>\n\t\t\t\t\t<\/a>\n\t\t\t\t<\/div>\n\t\t\t\t\t\t\t\t<\/div>\n\t\t\t\t<\/div>\n\t\t\t\t<div class=\"elementor-element elementor-element-d2162ad elementor-align-justify elementor-widget__width-initial elementor-widget-mobile__width-inherit elementor-widget elementor-widget-button\" data-id=\"d2162ad\" data-element_type=\"widget\" data-e-type=\"widget\" data-widget_type=\"button.default\">\n\t\t\t\t<div class=\"elementor-widget-container\">\n\t\t\t\t\t\t\t\t\t<div class=\"elementor-button-wrapper\">\n\t\t\t\t\t<a class=\"elementor-button elementor-button-link elementor-size-sm\" href=\"https:\/\/www.estadisticaciudad.gob.ar\/si\/dnnya\/principal\" target=\"_blank\">\n\t\t\t\t\t\t<span class=\"elementor-button-content-wrapper\">\n\t\t\t\t\t\t\t\t\t<span class=\"elementor-button-text\">Ver los datos<\/span>\n\t\t\t\t\t<\/span>\n\t\t\t\t\t<\/a>\n\t\t\t\t<\/div>\n\t\t\t\t\t\t\t\t<\/div>\n\t\t\t\t<\/div>\n\t\t\t\t\t<\/div>\n\t\t<\/div>\n\t\t\t\t\t<\/div>\n\t\t<\/section>\n\t\t\t\t\t<\/div>\n\t\t<\/div>\n\t\t\t\t\t<\/div>\n\t\t<\/section>\n\t\t\t\t<\/div>\n\t\t","protected":false},"excerpt":{"rendered":"<p>PORTALES Sistema de Indicadores de Derechos de Ni\u00f1as, Ni\u00f1os y Adolescentes El Gobierno de la Ciudad de Buenos aires pone a disposici\u00f3n un conjunto&#46;&#46;&#46;<\/p>\n","protected":false},"author":14,"featured_media":0,"parent":0,"menu_order":0,"comment_status":"open","ping_status":"open","template":"elementor_header_footer","meta":{"_acf_changed":false,"inline_featured_image":false,"ep_exclude_from_search":false,"footnotes":""},"class_list":["post-102448","page","type-page","status-publish","hentry"],"acf":[],"_links":{"self":[{"href":"https:\/\/www.estadisticaciudad.gob.ar\/eyc\/wp-json\/wp\/v2\/pages\/102448","targetHints":{"allow":["GET"]}}],"collection":[{"href":"https:\/\/www.estadisticaciudad.gob.ar\/eyc\/wp-json\/wp\/v2\/pages"}],"about":[{"href":"https:\/\/www.estadisticaciudad.gob.ar\/eyc\/wp-json\/wp\/v2\/types\/page"}],"author":[{"embeddable":true,"href":"https:\/\/www.estadisticaciudad.gob.ar\/eyc\/wp-json\/wp\/v2\/users\/14"}],"replies":[{"embeddable":true,"href":"https:\/\/www.estadisticaciudad.gob.ar\/eyc\/wp-json\/wp\/v2\/comments?post=102448"}],"version-history":[{"count":153,"href":"https:\/\/www.estadisticaciudad.gob.ar\/eyc\/wp-json\/wp\/v2\/pages\/102448\/revisions"}],"predecessor-version":[{"id":184959,"href":"https:\/\/www.estadisticaciudad.gob.ar\/eyc\/wp-json\/wp\/v2\/pages\/102448\/revisions\/184959"}],"wp:attachment":[{"href":"https:\/\/www.estadisticaciudad.gob.ar\/eyc\/wp-json\/wp\/v2\/media?parent=102448"}],"curies":[{"name":"wp","href":"https:\/\/api.w.org\/{rel}","templated":true}]}}

Sistema de Indicadores de Derechos de Niñas, Niños y Adolescentes

<div data-elementor-type="wp-post" data-elementor-id="102448" class="elementor elementor-102448" data-elementor-post-type="page">
						<section class="elementor-section elementor-top-section elementor-element elementor-element-4e27d1c elementor-section-boxed elementor-section-height-default elementor-section-height-default" data-id="4e27d1c" data-element_type="section" data-e-type="section" data-settings="{&quot;background_background&quot;:&quot;classic&quot;}">
						<div class="elementor-container elementor-column-gap-default">
					<div class="elementor-column elementor-col-100 elementor-top-column elementor-element elementor-element-420f08d portales-container" data-id="420f08d" data-element_type="column" data-e-type="column">
			<div class="elementor-widget-wrap elementor-element-populated">
						<div class="elementor-element elementor-element-c58e183 elementor-position-inline-start elementor-mobile-position-inline-start breadcrumbs elementor-view-default elementor-widget elementor-widget-icon-box" data-id="c58e183" data-element_type="widget" data-e-type="widget" data-widget_type="icon-box.default">
				<div class="elementor-widget-container">
							<div class="elementor-icon-box-wrapper">

						<div class="elementor-icon-box-icon">
				<a href="https://www.estadisticaciudad.gob.ar/eyc/portales/" class="elementor-icon" tabindex="-1" aria-label="PORTALES">
				<svg xmlns="http://www.w3.org/2000/svg" width="20" height="20" viewBox="0 0 20 20" fill="none"><path d="M18 9.99984C18 7.7897 17.1571 5.67008 15.6569 4.10728C14.1566 2.54448 12.1217 1.6665 10 1.6665C7.87827 1.6665 5.84344 2.54448 4.34315 4.10728C2.84285 5.67008 2 7.7897 2 9.99984C2 12.21 2.84285 14.3296 4.34315 15.8924C5.84344 17.4552 7.87827 18.3332 10 18.3332C12.1217 18.3332 14.1566 17.4552 15.6569 15.8924C17.1571 14.3296 18 12.21 18 9.99984ZM10.4688 6.06104C10.7625 5.75505 11.2375 5.75505 11.5281 6.06104C11.8187 6.36702 11.8219 6.86182 11.5281 7.16455L8.80937 9.99658L11.5281 12.8286C11.8219 13.1346 11.8219 13.6294 11.5281 13.9321C11.2344 14.2349 10.7594 14.2381 10.4688 13.9321L7.21875 10.5532C6.925 10.2472 6.925 9.75244 7.21875 9.44971L10.4688 6.06104Z" fill="#4F5255"></path></svg>				</a>
			</div>
			
						<div class="elementor-icon-box-content">

									<h6 class="elementor-icon-box-title">
						<a href="https://www.estadisticaciudad.gob.ar/eyc/portales/" >
							PORTALES						</a>
					</h6>
				
				
			</div>
			
		</div>
						</div>
				</div>
				<section class="elementor-section elementor-inner-section elementor-element elementor-element-e6245c5 elementor-section-content-middle elementor-section-boxed elementor-section-height-default elementor-section-height-default" data-id="e6245c5" data-element_type="section" data-e-type="section">
						<div class="elementor-container elementor-column-gap-default">
					<div class="elementor-column elementor-col-50 elementor-inner-column elementor-element elementor-element-569b23c" data-id="569b23c" data-element_type="column" data-e-type="column">
			<div class="elementor-widget-wrap elementor-element-populated">
						<div class="elementor-element elementor-element-e6c0077 elementor-widget__width-auto elementor-position-top elementor-widget elementor-widget-image-box" data-id="e6c0077" data-element_type="widget" data-e-type="widget" data-widget_type="image-box.default">
				<div class="elementor-widget-container">
					<div class="elementor-image-box-wrapper"><figure class="elementor-image-box-img"><img decoding="async" width="107" height="107" src="https://www.estadisticaciudad.gob.ar/eyc/wp-content/uploads/2025/05/Capa_2-2-1.png" class="attachment-full size-full wp-image-170162" alt="" /></figure></div>				</div>
				</div>
					</div>
		</div>
				<div class="elementor-column elementor-col-50 elementor-inner-column elementor-element elementor-element-c1d99cb" data-id="c1d99cb" data-element_type="column" data-e-type="column">
			<div class="elementor-widget-wrap elementor-element-populated">
						<div class="elementor-element elementor-element-7a6f0ce elementor-widget__width-initial elementor-widget elementor-widget-heading" data-id="7a6f0ce" data-element_type="widget" data-e-type="widget" data-widget_type="heading.default">
				<div class="elementor-widget-container">
					<h1 class="elementor-heading-title elementor-size-default">Sistema de Indicadores de Derechos de Niñas, Niños y Adolescentes</h1>				</div>
				</div>
					</div>
		</div>
					</div>
		</section>
				<div class="elementor-element elementor-element-85b1121 elementor-widget elementor-widget-text-editor" data-id="85b1121" data-element_type="widget" data-e-type="widget" data-widget_type="text-editor.default">
				<div class="elementor-widget-container">
									<p>El Gobierno de la Ciudad de Buenos aires pone a disposición un conjunto de indicadores de derechos de niñas, niños y adolescentes en correspondencia con los derechos consagrados por la Convención Internacional sobre los Derechos del Niño. Los indicadores se presentan para el total de la Ciudad y las divisiones político-administrativas que la componen, las comunas.</p><p>Creado por Ley Nº 5.463 en 2015, el Sistema tiene por finalidad la de proveer información integral, relevante, mensurable, confiable y oportuna sobre la situación de la niñez y adolescencia, con indicadores adecuados y desagregados, acorde con los estándares definidos en la Convención sobre los Derechos del Niño (CDN) y otros tratados de derechos humanos, la Ley Nacional Nº 26.061 y la Ley CABA Nº 114. En tal sentido, busca contribuir a visibilizar e individualizar las políticas de infancia y adolescencia, dentro del conjunto de políticas públicas, posibilitando la comparación de datos y resultados.</p><p>Asimismo, incorpora la perspectiva de género y los principios de articulación intersectorial, transversalidad, integralidad, accesibilidad, transparencia y objetividad de la información.</p>								</div>
				</div>
				<section class="elementor-section elementor-inner-section elementor-element elementor-element-89a7ab6 elementor-section-full_width btn-portales elementor-section-height-default elementor-section-height-default" data-id="89a7ab6" data-element_type="section" data-e-type="section">
						<div class="elementor-container elementor-column-gap-default">
					<div class="elementor-column elementor-col-100 elementor-inner-column elementor-element elementor-element-09d1449" data-id="09d1449" data-element_type="column" data-e-type="column">
			<div class="elementor-widget-wrap elementor-element-populated">
						<div class="elementor-element elementor-element-b51c046 elementor-align-justify elementor-widget__width-initial elementor-widget-mobile__width-inherit elementor-widget elementor-widget-button" data-id="b51c046" data-element_type="widget" data-e-type="widget" data-widget_type="button.default">
				<div class="elementor-widget-container">
									<div class="elementor-button-wrapper">
					<a class="elementor-button elementor-button-link elementor-size-sm" href="https://www.estadisticaciudad.gob.ar/eyc/?page_id=102612">
						<span class="elementor-button-content-wrapper">
									<span class="elementor-button-text">Acerca del sistema</span>
					</span>
					</a>
				</div>
								</div>
				</div>
				<div class="elementor-element elementor-element-d2162ad elementor-align-justify elementor-widget__width-initial elementor-widget-mobile__width-inherit elementor-widget elementor-widget-button" data-id="d2162ad" data-element_type="widget" data-e-type="widget" data-widget_type="button.default">
				<div class="elementor-widget-container">
									<div class="elementor-button-wrapper">
					<a class="elementor-button elementor-button-link elementor-size-sm" href="https://www.estadisticaciudad.gob.ar/si/dnnya/principal" target="_blank">
						<span class="elementor-button-content-wrapper">
									<span class="elementor-button-text">Ver los datos</span>
					</span>
					</a>
				</div>
								</div>
				</div>
					</div>
		</div>
					</div>
		</section>
					</div>
		</div>
					</div>
		</section>
				</div>

<p>PORTALES Sistema de Indicadores de Derechos de Niñas, Niños y Adolescentes El Gobierno de la Ciudad de Buenos aires pone a disposición un conjunto&#46;&#46;&#46;</p>
