{"id":115662,"date":"2009-11-21T17:02:59","date_gmt":"2009-11-21T20:02:59","guid":{"rendered":"https:\/\/www.estadisticaciudad.gob.ar\/eyc\/?p=115662"},"modified":"2025-09-16T12:59:29","modified_gmt":"2025-09-16T15:59:29","slug":"agresores-de-mujeres-victimas-de-violencia-familiar-asistidas-en-centro-integral-de-la-mujer-maria-gallego-y-distribucion-porcentual-por-condicion-laboral-por-convivencia-y-tiempo-de-convivencia-con","status":"publish","type":"banco_datos_hist","link":"https:\/\/www.estadisticaciudad.gob.ar\/eyc\/banco-datos-historico\/agresores-de-mujeres-victimas-de-violencia-familiar-asistidas-en-centro-integral-de-la-mujer-maria-gallego-y-distribucion-porcentual-por-condicion-laboral-por-convivencia-y-tiempo-de-convivencia-con\/","title":{"rendered":"Agresores de mujeres v\u00edctimas de violencia familiar asistidas en Centro Integral de la Mujer Mar\u00eda Gallego y distribuci\u00f3n porcentual por condici\u00f3n laboral, por convivencia y tiempo de convivencia con la v\u00edctima. Ciudad de Buenos Aires. Enero 2006\/diciembre 2009"},"content":{"rendered":"","protected":false},"author":15,"featured_media":0,"template":"","meta":{"_acf_changed":false,"inline_featured_image":false,"ep_exclude_from_search":false},"tags":[9378,9375,9750,9374],"categoria_banco_datos":[10864,10862],"class_list":["post-115662","banco_datos_hist","type-banco_datos_hist","status-publish","hentry","tag-actividad-laboral","tag-agresor","tag-as_m_ax07","tag-violencia-de-genero","categoria_banco_datos-varones-agresores","categoria_banco_datos-violencia-de-genero-domestica"],"acf":[],"_links":{"self":[{"href":"https:\/\/www.estadisticaciudad.gob.ar\/eyc\/wp-json\/wp\/v2\/banco_datos_hist\/115662","targetHints":{"allow":["GET"]}}],"collection":[{"href":"https:\/\/www.estadisticaciudad.gob.ar\/eyc\/wp-json\/wp\/v2\/banco_datos_hist"}],"about":[{"href":"https:\/\/www.estadisticaciudad.gob.ar\/eyc\/wp-json\/wp\/v2\/types\/banco_datos_hist"}],"author":[{"embeddable":true,"href":"https:\/\/www.estadisticaciudad.gob.ar\/eyc\/wp-json\/wp\/v2\/users\/15"}],"wp:attachment":[{"href":"https:\/\/www.estadisticaciudad.gob.ar\/eyc\/wp-json\/wp\/v2\/media?parent=115662"}],"wp:term":[{"taxonomy":"post_tag","embeddable":true,"href":"https:\/\/www.estadisticaciudad.gob.ar\/eyc\/wp-json\/wp\/v2\/tags?post=115662"},{"taxonomy":"categoria_banco_datos","embeddable":true,"href":"https:\/\/www.estadisticaciudad.gob.ar\/eyc\/wp-json\/wp\/v2\/categoria_banco_datos?post=115662"}],"curies":[{"name":"wp","href":"https:\/\/api.w.org\/{rel}","templated":true}]}}

Agresores de mujeres víctimas de violencia familiar asistidas en Centro Integral de la Mujer María Gallego y distribución porcentual por condición laboral, por convivencia y tiempo de convivencia con la víctima. Ciudad de Buenos Aires. Enero 2006/diciembre 2009
