{"id":186003,"date":"2024-12-31T10:36:56","date_gmt":"2024-12-31T13:36:56","guid":{"rendered":"https:\/\/www.estadisticaciudad.gob.ar\/eyc\/banco-datos\/casos-penales-asociados-a-indicadores-de-violencia-domestica-y-o-de-genero-ingresados-a-las-fiscalias-del-fuero-contravencional-penal-y-de-faltas-de-caba-y-distribucion-porcentual-por-comuna-de-ocur-2\/"},"modified":"2025-09-16T12:30:59","modified_gmt":"2025-09-16T15:30:59","slug":"casos-penales-asociados-a-indicadores-de-violencia-domestica-y-o-de-genero-ingresados-a-las-fiscalias-del-fuero-contravencional-penal-y-de-faltas-de-caba-y-distribucion-porcentual-por-comuna-de-ocur-2","status":"publish","type":"banco_datos","link":"https:\/\/www.estadisticaciudad.gob.ar\/eyc\/banco-datos\/casos-penales-asociados-a-indicadores-de-violencia-domestica-y-o-de-genero-ingresados-a-las-fiscalias-del-fuero-contravencional-penal-y-de-faltas-de-caba-y-distribucion-porcentual-por-comuna-de-ocur-2\/","title":{"rendered":"Casos penales asociados a indicadores de violencia dom\u00e9stica y\/o de g\u00e9nero ingresados a las Fiscal\u00edas del Fuero Contravencional, Penal y de Faltas de CABA y distribuci\u00f3n porcentual por comuna de ocurrencia seg\u00fan tipo de violencia identificada. Ciudad de Buenos Aires. A\u00f1os 2019\/2024"},"content":{"rendered":"","protected":false},"author":15,"featured_media":0,"template":"","meta":{"_acf_changed":false,"inline_featured_image":false,"ep_exclude_from_search":false},"tags":[10904],"categoria_banco_datos":[111,10865,10862],"class_list":["post-186003","banco_datos","type-banco_datos","status-publish","hentry","tag-vd_vg02","categoria_banco_datos-banco-de-datos","categoria_banco_datos-delitos-asociados","categoria_banco_datos-violencia-de-genero-domestica"],"acf":[],"_links":{"self":[{"href":"https:\/\/www.estadisticaciudad.gob.ar\/eyc\/wp-json\/wp\/v2\/banco_datos\/186003","targetHints":{"allow":["GET"]}}],"collection":[{"href":"https:\/\/www.estadisticaciudad.gob.ar\/eyc\/wp-json\/wp\/v2\/banco_datos"}],"about":[{"href":"https:\/\/www.estadisticaciudad.gob.ar\/eyc\/wp-json\/wp\/v2\/types\/banco_datos"}],"author":[{"embeddable":true,"href":"https:\/\/www.estadisticaciudad.gob.ar\/eyc\/wp-json\/wp\/v2\/users\/15"}],"wp:attachment":[{"href":"https:\/\/www.estadisticaciudad.gob.ar\/eyc\/wp-json\/wp\/v2\/media?parent=186003"}],"wp:term":[{"taxonomy":"post_tag","embeddable":true,"href":"https:\/\/www.estadisticaciudad.gob.ar\/eyc\/wp-json\/wp\/v2\/tags?post=186003"},{"taxonomy":"categoria_banco_datos","embeddable":true,"href":"https:\/\/www.estadisticaciudad.gob.ar\/eyc\/wp-json\/wp\/v2\/categoria_banco_datos?post=186003"}],"curies":[{"name":"wp","href":"https:\/\/api.w.org\/{rel}","templated":true}]}}

Casos penales asociados a indicadores de violencia doméstica y/o de género ingresados a las Fiscalías del Fuero Contravencional, Penal y de Faltas de CABA y distribución porcentual por comuna de ocurrencia según tipo de violencia identificada. Ciudad de Buenos Aires. Años 2019/2024
