{"id":186001,"date":"2024-12-31T10:40:31","date_gmt":"2024-12-31T13:40:31","guid":{"rendered":"https:\/\/www.estadisticaciudad.gob.ar\/eyc\/banco-datos\/casos-penales-ingresados-a-las-fiscalias-del-fuero-contravencional-penal-y-de-faltas-de-caba-y-distribucion-porcentual-segun-presencia-de-indicadores-asociados-a-situaciones-de-violencia-de-genero-y-2\/"},"modified":"2025-09-16T12:24:31","modified_gmt":"2025-09-16T15:24:31","slug":"casos-penales-ingresados-a-las-fiscalias-del-fuero-contravencional-penal-y-de-faltas-de-caba-y-distribucion-porcentual-segun-presencia-de-indicadores-asociados-a-situaciones-de-violencia-de-genero-y-2","status":"publish","type":"banco_datos","link":"https:\/\/www.estadisticaciudad.gob.ar\/eyc\/banco-datos\/casos-penales-ingresados-a-las-fiscalias-del-fuero-contravencional-penal-y-de-faltas-de-caba-y-distribucion-porcentual-segun-presencia-de-indicadores-asociados-a-situaciones-de-violencia-de-genero-y-2\/","title":{"rendered":"Casos penales ingresados a las Fiscal\u00edas del Fuero Contravencional Penal y de Faltas de CABA y distribuci\u00f3n porcentual seg\u00fan presencia de indicadores asociados a situaciones de violencia de g\u00e9nero y\/o dom\u00e9stica. Ciudad de Buenos Aires. A\u00f1os 2019\/2024"},"content":{"rendered":"","protected":false},"author":15,"featured_media":0,"template":"","meta":{"_acf_changed":false,"inline_featured_image":false,"ep_exclude_from_search":false},"tags":[10905],"categoria_banco_datos":[10865,10862],"class_list":["post-186001","banco_datos","type-banco_datos","status-publish","hentry","tag-vd_vg03","categoria_banco_datos-delitos-asociados","categoria_banco_datos-violencia-de-genero-domestica"],"acf":[],"_links":{"self":[{"href":"https:\/\/www.estadisticaciudad.gob.ar\/eyc\/wp-json\/wp\/v2\/banco_datos\/186001","targetHints":{"allow":["GET"]}}],"collection":[{"href":"https:\/\/www.estadisticaciudad.gob.ar\/eyc\/wp-json\/wp\/v2\/banco_datos"}],"about":[{"href":"https:\/\/www.estadisticaciudad.gob.ar\/eyc\/wp-json\/wp\/v2\/types\/banco_datos"}],"author":[{"embeddable":true,"href":"https:\/\/www.estadisticaciudad.gob.ar\/eyc\/wp-json\/wp\/v2\/users\/15"}],"wp:attachment":[{"href":"https:\/\/www.estadisticaciudad.gob.ar\/eyc\/wp-json\/wp\/v2\/media?parent=186001"}],"wp:term":[{"taxonomy":"post_tag","embeddable":true,"href":"https:\/\/www.estadisticaciudad.gob.ar\/eyc\/wp-json\/wp\/v2\/tags?post=186001"},{"taxonomy":"categoria_banco_datos","embeddable":true,"href":"https:\/\/www.estadisticaciudad.gob.ar\/eyc\/wp-json\/wp\/v2\/categoria_banco_datos?post=186001"}],"curies":[{"name":"wp","href":"https:\/\/api.w.org\/{rel}","templated":true}]}}

Casos penales ingresados a las Fiscalías del Fuero Contravencional Penal y de Faltas de CABA y distribución porcentual según presencia de indicadores asociados a situaciones de violencia de género y/o doméstica. Ciudad de Buenos Aires. Años 2019/2024
